te 0 + 0 + -2 + -3.
-5
-1 - ((6 - 1) + (29 - 37))
2
What is the value of (0 - (-16 - 1)) + -178 + 171?
10
What is the value of (-4 - -5) + -6 - -1?
-4
Evaluate -3 + 0 + 6 + -2.
1
What is the value of -15 - -19 - (0 - -1)?
3
What is the value of (9 - 1) + 0 + (-19 - -17)?
6
What is (-2 - 7) + -44 + 49?
-4
Evaluate -13 + 13 - (0 - 5).
5
What is the value of (2 - (-1 - -4)) + 1?
0
1 - 2 - (-41 + 41)
-1
What is -6 + -1 + (1 - (-6 - -2))?
-2
Calculate -5 - (-4 - -2 - 2).
-1
(3 - 1 - (0 + 2)) + 0
0
Evaluate 6 + -7 + 1 + 0.
0
What is -9 + 0 + 11 + 2 + 1?
5
What is the value of 2 - (-7 + 9 + 4)?
-4
Evaluate -10 + (4 - 11 - -6).
-11
What is the value of -1 + (-3 - -4) + 2 + 0?
2
Evaluate 6 + -11 + (5 - 2).
-2
Evaluate -8 - -15 - (1 + 7).
-1
What is the value of (0 + 2 - 1) + -5 + 5?
1
Calculate -1 + 7 + 0 + -10.
-4
Evaluate -5 + 1 + 2 + (0 - -1).
-1
What is the value of (-3 - -2) + -2 + -1 + 10?
6
Calculate 52 + -50 + -1 + 6 + -8.
-1
What is 6 + -1 + 1 - 2?
4
Evaluate -10 + 2 + 4 - (1 - 0).
-5
What is -4 + 6 - (32 + -25)?
-5
Calculate 3 - (2 - 2) - 0.
3
(7 - (-2 - -6)) + -2
1
Evaluate -2 + 5 - (12 + -3 + -4).
-2
What is (5 - 1) + (6 - 7)?
3
What is the value of -2 + 3 + (1 + -5 - -7)?
4
What is (-8 - (14 - 25)) + 1?
4
Calculate 2 + -2 + 4 - 2.
2
Evaluate -2 + 5 + -1 + 1 - 0.
3
What is the value of (-1 - 1 - (-9 - -1)) + -11?
-5
What is the value of (-2 - -6) + -7 + 1?
-2
Calculate -2 - (-4 - (4 - (-1 - -3))).
4
What is (5 - (0 + -2)) + (1 - 5)?
3
Calculate -1 - 0 - (12 - 16).
3
What is the value of (6 - 4) + (-7 - -3) + -3?
-5
-1 + (-6 - (-18 + 7))
4
What is 14 - (-1 + 1 + 8)?
6
0 - (2 + -1 + 5 + -1)
-5
Evaluate 1 + (-2 - -1) - -4.
4
What is the value of -8 - (-5 + (-16 - -12))?
1
What is 0 - (-6 - 10) - 11?
5
Calculate -5 + (-5 - (-17 + 4)).
3
What is 7 + -6 + (-11 - -18)?
8
Evaluate -5 - (9 + (-11 - -6)).
-9
What is -8 - (-11 + 6 - (-4 + 2))?
-5
3 + (-5 - -7) + -1 - -3
7
What is the value of 0 + 5 + -4 + 3?
4
What is -22 - -11 - (-2 + (-6 - -7))?
-10
Calculate 15 + -16 + 4 + (-1 - 0).
2
What is the value of (-3 - -11 - 2) + 4 + -2?
8
Evaluate -10 + 10 - (0 - 4) - 1.
3
-3 - 2 - (2 - -6 - 7)
-6
What is the value of 2 - 2 - (1 + (-3 - -1))?
1
What is (4 - 3 - 2) + -4?
-5
What is (-4 - 2) + 5 + (2 - 3)?
-2
Evaluate 3 + -3 + -5 + 10.
5
What is (-1 - -1) + (0 - -2)?
2
What is -14 + (4 - 1) + 4?
-7
1 + (3 - -3) + (2 - 8)
1
What is -4 + (5 - 0) + -5?
-4
Evaluate 4 + -8 + (-7 - -7).
-4
Evaluate -4 - ((-20 - -15) + 8).
-7
Evaluate (-4 - (-3 + -1)) + 3.
3
What is 0 + -1 - (-8 - (5 + -12))?
0
Evaluate (6 - (2 - -2)) + (-5 - 3).
-6
0 - 0 - (-26 - (-2 - 19))
5
What is 22 + -31 + (0 - -2) + 4?
-3
What is 2 + -3 + 30 + -27?
2
Calculate 9 + -13 + 5 + 5.
6
(0 - 1) + (2 - (2 - 3))
2
Evaluate (-7 + 2 - (45 + -38)) + 4.
-8
Calculate 1 + -3 + (-1 - (-3 - 1)).
1
Evaluate -1 + 1 - 0 - 3.
-3
Calculate -12 - -27 - 9 - (6 + -1).
1
Calculate 8 + -8 + 1 + -7.
-6
What is -4 - (-7 + (4 - 1))?
0
What is 12 + -5 + -13 + 0 + 1?
-5
Calculate 1 + 1 + 0 + -3 + 2.
1
(-11 - -3) + (3 - (7 - 6))
-6
What is the value of 12 - (7 + -3) - -1?
9
-4 + (15 + -6 - 1)
4
What is the value of -2 + (-2 - 2) + (127 - 123)?
-2
What is (4 - 11) + (1 - 0) - -12?
6
Calculate 1 + (-5 - -8) + -2.
2
What is -6 + -2 + 1 + 3 - -4?
0
Calculate (-5 - -9 - (5 + -1)) + 2.
2
Evaluate 1 + -1 + -1 + -1.
-2
What is the value of -2 - -3 - (-4 - -7)?
-2
Calculate -1 - ((-4 - -1) + 1) - 4.
-3
(-3 + 5 - -1) + -9 - -10
4
-3 - (3 + -1 - (-1 - -4))
-2
2 - (7 + -1 - 0)
-4
(-12 - (-18 + -1)) + -12
-5
Calculate -36 - -31 - (1 + 0) - -5.
-1
(-9 - -6 - 16) + 15
-4
Evaluate -1 + -4 + 0 + -91 + 93.
-3
-3 + (-5 - (-8 - 0) - 4)
-4
Calculate (7 - 6) + -5 - (-6 - -5).
-3
Calculate 5 + (4 - 4) + -2.
3
Calculate 4 + (0 - 4) + 5.
5
-1 + 4 + -8 + (0 - -1)
-4
What is (-5 - 2) + -5 + 9?
-3
2 + -2 + 1 + 2
3
5 + -7 + (-3 - -5)
0
Calculate 1 - 8 - -7 - 3.
-3
What is the value of 31 + -27 - (5 + -1)?
0
Calculate (-1 - -1 - -5) + (0 - 0).
5
4 - 4 - 6 - -2
-4
(38 - 49) + 4 + 1
-6
Calculate (-7 - -15) + -5 + 0.
3
What is the value of 4 + -7 + 6 + -7?
-4
What is the value of (-15 + 18 - (1 + -1)) + 0?
3
Evaluate -38 + 23 - (-11 - 1).
-3
What is the value of -5 - (1 + -8) - 12?
-10
What is 6 + (-10 + 5 - -1)?
2
Evaluate -15 + (0 - -22) - (1 + 13).
-7
-1 + -4 + (1 - -1) + 2
-1
What is -3 + 1 + 0 - (8 + -8)?
-2
Calculate -35 + 32 - (-6 + 2).
1
What is the value of 8 + 12 + 9 + -24?
5
What is the value of -1 + (3 - 0) + (-11 - -9)?
0
Evaluate -24 - -12 - -18 - -3.
9
What is 0 - (3 + (-6 - (6 - 5)))?
4
Calculate -5 - (2 + (0 - (4 - 6))).
-9
Calculate (5 - (5 - 0)) + (5 - 0).
5
Evaluate -1 + -1 + -3 - 0.
-5
Calculate 14 - 10 - (0 - 0).
4
Calculate 6 + -5 + 3 - 2.
2
-6 + 10 + -2 + 1
3
0 + 2 + -6 + -1 + 11
6
What is (17 - 20) + (1 - 1)?
-3
What is the value of 3 + (-3 + -7 - -2 - -1)?
-4
Evaluate (-2 - 5) + (20 - (1 - -4)).
8
Calculate (-7 - (-1 - 2)) + 3.
-1
Evaluate 1 + -7 - (175 - 180).
-1
What is 1 + -2 + (1 - 0)?
0
Evaluate (3 - 0 - (10 - 3)) + 2.
-2
What is the value of (-2 - 0) + (-6 - -4)?
-4
Calculate -6 + 3 + 2 - (-7 + 2).
4
Evaluate (0 - 11) + 7 - (-4 + -2).
2
Calculate -15 - (-8 + 2 + -3 + 1).
-7
What is -33 + 38 + (-4 - (0 + 0))?
1
Calculate 2 - (-1 - -1 - (3 + -1)).
4
What is the value of -10 + (-1 - (3 - (-3 - -12)))?
-5
What is the value of 5 + (-4 - -3 - 2)?
2
Calculate -3 + 1 + (-1 - -3).
0
What is 0 - -1 - (-4 + 1 - -5)?
-1
What is the value of 4 - (-10 + 16 - (2 + 4))?
4
Calculate 12 + (6 + -9 - 3).
6
What is (1 - 1 - -1) + (-9 - -4)?
-4
-3 + (5 - (-1 - (2 - 3)))
2
What is the value of (7 - 4) + -5 - -5?
3
What is 11 + (3 - 2) + -17?
-5
Evaluate -8 + 8 + 1 + 3.
4
What is the value of (10 - (-11 - -36)) + 10?
-5
What is the value of -2 - (-1 - (7 + -5))?
1
Calculate -6 + 0 + 10 + -3 + -3.
-2
Calculate 27 - 31 - (-2 + 0 - 3).
1
Calculate -3 - (-2 - 4 - (-10 - -4)).
-3
-3 - (3 - 3) - (-7 - -7)
-3
What is the value of (4 - (1 + 10 - 4)) + -2?
-5
0 + 4 - (6 - 2) - 0
0
Calculate 5 - (1 + -6 + 11).
-1
What is 2 + 3 + (-2 - 6)?
-3
12 - (19 - 9) - 8
-6
What is the value of (0 - 5) + (7 - (6 - 6))?
2
Calculate (2 - 9 - (-3 - 0)) + 5.
1
1 - (-4 - (-2 + -1))
2
Calculate -1 + 6 - (-3 + -3 + 6).
5
3 + -3 + 2 - 1
1
Evaluate -33 + 42 + -5 + 1.
5
What is the value of (0 + 1 - -1) + 12 + -10?
4
Calculate 4 - (-24 + 22 - (1 - 9)).
-2
What is the value of -3 - (0 - -1) - -9?
5
(15 + -19 - (-2 + -4)) + 5
7
What is (-17 - -4 - (0 + -4)) + 2?
-7
What is 6 + 0 + -5 + (-4 - 0)?
-3
What is 0 + 1 - (14 + -4 + -10)?
1
Evaluate (-11 + 2 - -7) + (-1 - 0).
-3
Evaluate 1 + 3 - (-52 + 54).
2
What is 6 - (-9 + (-5 - -24))?
-4
Calculate 6 - (0 + (1 - (1 - 4))).
2
What is the value of 1 + 1 + 2 + 1?
5
(-4 + -17 - -4) + 12
-5
Calculate 1 + -13 + (36 - 30).
-6
-15 - (1 - (-2 - -8)) - -5
-5
Evaluate (8 - 5 - 3) + -2 + 4.
2
Evaluate -2 - (1 - (1 + 5)).
3
Evaluate (2 - -7) + 63 + -81.
-9
What is 2 + (6 - 13) + 2?
-3
What is -1 + (-5 - -7) + -2?
-1
What is the value of 5 + -1 + -5 + -1 + 7?
5
1 + -7 + -2 + 4
-4
What is the value of -1 + 0 - 6 - (-5 + 2)?
-4
Calculate (-12 - -4 - -4) + -2.
-6
What is the value of -1 - -12 - (-19 + 11 + 12)?
7
What is -5 - (-7 - (12 + -18))?
-4
What is the value of -9 - (-16 + 8) - (0 + 2)?
-3
What is the value of (-4 + 6 - (8 - 3)) + 5?
2
Evaluate 0 - ((5 - 4 - 7) + 4).
2
Calculate 3 - 0 - (-2 + -4 + 5).
4
Calculate 3 - 5 - (5 + -12).
5
What is the value of 4 + (5 - 15) + 7?
1
Calculate -2 - 8 - (20 + -32).
2
What is the value of -1 + (5 - 5) - 2 - 3?
-6
-4 + -5 + 9 - (-5 + 1)
4
Calculate 4 - -1 - (1 + (0 - 0)).
4
What is -3 - ((-4 - (1 - 4)) + 2)?
-4
What is -1 + -7 - (22 + -26)?
-4
Calculate 0 + -1 + (0 - -6 - 5).
0
What is the value of 3 - 2 - (-23 + 16) - 6?
2
-8 + (-6 - -7 - -2) + -2
-7
(-5 - -7) + 0 + 3
5
Evaluate 0 - -1 - (28 + -21 - -1).
-7
What is the value of 1 + -1 - (-6 + 7) - 2?
-3
What is 1 - (-7 + 6 + -1)?
3
(-13 - -10) + 1 + 8 + -2
4
Evaluate (-2 - (1 - 4 - 0)) + -2.
-1
Evaluate 31 + -26 + (0 + -3 - 1).
1
Evaluate -5 + 9 + (0 - 8).
-4
What is the value of 3 - (1 - (-6 + 2) - 5)?
3
Evaluate -9 + -1 + 16 + -9.
-3
What is (-4 - -1) + (6 - 3) + -6?
-6
What is the value of -8 + -4 + 6 - -3?
-3
What is 15 + -3 + (-25 - -17)?
4
Evaluate 6 + -1 - (0 + 6 + -4).
3
What is 19 + -3 + -18 + 5?
3
7 + (2 - -3) + -6
6
Calculate (0 + 3 - (-5 + 